
False
Let m(u) = 4*u - 1. Suppose w + 3 = 0, -22 = -5*k - 2*w + 27. Let h = -6 + k. Is m(h) composite?
False
Suppose -4*t = 0, 2*u - 2*t = -t + 4. Is 3 + 11/1 + u/(-2) composite?
False
Let y be (-3)/4*1*-12. Let h(l) be the first derivative of l**4/4 - 10*l**3/3 + 11*l**2/2 - 7*l + 10. Is h(y) a prime number?
True
Suppose -h + 525 = -5212. Is h a composite number?
False
Let m(k) = -k**2 + 10*k + 2. Suppose -16*t + 11*t + 50 = 0. Let v be m(t). Is v/4*386 + -2 composite?
False
Suppose -c = 3*q + 1, 2*q - 1 - 5 = c. Let m(w) = 376*w**2 + 2*w - 1. Is m(q) a composite number?
True
Suppose -4*u - 3*y + 1584 = y, 4*u = 2*y + 1554. Is u a composite number?
True
Suppose 2*n - 4*p - 60304 = 0, 12*p - 60295 = -2*n + 13*p. Is n prime?
False
Suppose -3*y = -89 + 17. Is (3592/y)/(1/15) prime?
False
Suppose -2*g - 4*h = -4*g + 11624, -5824 = -g - 2*h. Is g composite?
True
Suppose 3*n = -12, a + 4*n - 1888 - 2931 = 0. Is a composite?
True
Let k = -485 + 1586. Is k prime?
False
Let m(z) be the third derivative of z**5/20 + 5*z**3/3 + 3*z**2. Suppose 4*i - 8 + 29 = -5*l, 12 = -2*l + 2*i. Is m(l) prime?
False
Let j(y) = -2*y + 26. Let v be j(15). Is 1814*(v + (-9)/(-2)) a prime number?
True
Is ((126056 + 0)/4)/(13 - 11) a prime number?
False
Let x(v) = 10079*v**2 + 5*v + 7. Is x(-1) composite?
True
Let z(c) = 606*c - 1. Let m(u) = 606*u - 1. Let b(k) = -3*m(k) + 2*z(k). Is b(-6) a composite number?
False
Suppose -c + 1 = -4. Suppose -1368 = -4*w - 0*j - 3*j, w + c*j = 359. Is w composite?
True
Let i(b) = -7*b + 1061. Is i(22) a prime number?
True
Suppose 22*r - 1016 = 18*r. Let u be (-20)/8*8/(-10). Is 2/8*u*r a prime number?
True
Let q(s) = -30*s. Let h be q(3). Let w = -136 - h. Let v = -11 - w. Is v composite?
True
Let d(p) = -p. Let k(c) = 5*c + 8. Let o(w) = 6*d(w) + k(w). Let a be o(6). Suppose -3*b - u = -2*u - 1864, a*u - 2502 = -4*b. Is b composite?
True
Let b be 0 - -2 - (-6)/(-3). Suppose -2*v + 486 + 402 = 5*y, b = y - 5*v - 156. Suppose -5*n - 3*j - 562 = -1382, n + 3*j = y. Is n prime?
False
Let y(c) = c - 4. Let g be y(5). Let q be 1*g/(-1)*0. Is (-2 + q)*860/(-8) a composite number?
True
Let h(g) = 5309*g**2 + 2*g - 2. Is h(-1) a composite number?
True
Let h(u) = 356*u - 721. Is h(6) composite?
True
Is 23/(575/53220) - (-2)/10 prime?
True
Let c = 11151 + -7912. Is c a composite number?
True
Let s(t) = -37*t**2 - 3*t + 1. Let k be s(-5). Let g = -2414 + 3730. Let i = g + k. Is i prime?
False
Suppose 0 = -2*g + 2*y + 9126, 3*g + g - 18244 = -4*y. Is g prime?
False
Let d(u) = u - u - 13*u + 2*u**2 + 22. Is d(9) a composite number?
False
Suppose -4*v = -z + 131, v - 2*v + 3*z - 41 = 0. Let q be (-13896)/v + (-1)/4. Suppose -2*p = -0*p - q. Is p composite?
True
Suppose d - 20247 = -3*l + 123761, -d = 5*l - 240014. Is l a prime number?
False
Is (4 + -7)*(3 + (-2064)/18) prime?
False
Suppose 0 = -p + 2*m + 12, p - 4*m - 16 = 3*p. Suppose 804 = p*l + 216. Suppose 4*z = 178 + l. Is z prime?
False
Suppose 13*f - 32742 = -8965. Is f prime?
False
Suppose -8*u = -1019 - 581. Suppose -4*z + u = 5*m - 371, z - 134 = -3*m. Is z a composite number?
False
Let a(x) = -5002 - 2*x + 3*x**2 + 4999 - 9*x. Let d = -32 - -18. Is a(d) a composite number?
False
Suppose 0 = 5*b + 2*o - 0*o - 27, 4*b - 22 = -2*o. Suppose -19 - 1 = -b*l. Is ((-984)/20)/(l/(-10)) a composite number?
True
Let g(i) = -i**3 - i**2 + i - 1. Let c(t) = -4*t**3 - 5*t**2 + 2*t - 10. Let d(h) = -c(h) + 6*g(h). Is d(-3) composite?
False
Let a = 31 - 29. Is (-12 - -10)/(a/(-89)) a composite number?
False
Suppose -26 = -3*j - 17. Is (8643/12 - j) + 2/(-8) composite?
True
Suppose 1 = m - 1. Let i(k) be the third derivative of 11*k**6/120 - k**5/60 + k**4/12 + k**3/6 + k**2. Is i(m) prime?
True
Let r = -61 - -14. Let n be -1*(4 - r/1). Let v = n + 284. Is v a composite number?
False
Suppose 0 = 65*i - 67*i + 2202. Is i prime?
False
Let q(r) = -3*r + 9. Let x be q(3). Suppose 56*w - 57*w + 583 = x. Is w a prime number?
False
Let j be 0/((1 - 1) + -1). Suppose 22 = w - 4*m, j*w + w + 13 = -3*m. Suppose -2*t + 36 = 3*g - 25, w*g - 39 = -3*t. Is g a prime number?
False
Is 20100/18*3 + 3 prime?
False
Let v(b) = -b**3 + 2*b + 9 - 4*b**2 - 6*b + b**2. Is v(-7) prime?
True
Suppose 172*l - 169*l = 55299. Is l prime?
True
Let v(x) = 176*x**2 + 3*x + 4. Let m be v(3). Is (-1)/((-3)/m) + 2/3 a composite number?
True
Let m(x) = 560*x - 101. Is m(12) prime?
True
Let h(l) = -11*l + 3 - 9 - 5*l**2 + 4*l**2. Is h(-4) a composite number?
True
Let t = -899 + 9828. Is t a composite number?
False
Suppose -v + 7 = 2. Suppose -5*j = -v*u, 0 = j + u + 3*u + 20. Is j*((-3710)/(-8))/(-5) prime?
False
Suppose 4*x - 2*s - 8696 = 3388, 0 = -5*x - 5*s + 15120. Is x a composite number?
True
Is 4/(-1) + (-343458)/(-18) prime?
False
Let x = 37 - 29. Suppose 4*w - x*w = -7892. Is w a composite number?
False
Let a be 4*(-4)/((-8)/(-1)). Let y(x) be the first derivative of 10*x**3 + 3*x**2/2 + x - 2. Is y(a) a composite number?
True
Suppose 0 = v + 2*v - 96. Suppose 0 = -5*a + 327 - v. Is a a prime number?
True
Is -4*(62/31 + 2401/(-4)) a composite number?
False
Let b(h) = h**3 + 6*h**2 + 6*h + 2. Let f be (-52)/14 - (-2)/(-7). Let r be b(f). Is (-624)/(-30) + 2/r prime?
False
Let n = -1157 - -1842. Is n prime?
False
Suppose -3*c - 4*o + 17 = 0, -o - 15 = -5*c - 5*o. Let f be c/(-1)*-1 - -255. Is (f/8)/(2/8) prime?
True
Suppose 10 = 6*t - t. Let w(h) = -2*h**t + 6*h**2 + 4*h + 11 - 4 + 0*h**2. Is w(-6) prime?
True
Suppose 0 = 53*n - 45*n - 63208. Is n a prime number?
True
Is 2/4*-1*(15 - 8581) prime?
True
Let x = 42 + -27. Suppose 13*m - 18*m = -x. Suppose 10*p - 3199 = m*p. Is p prime?
True
Suppose 5*u + 5*b = 0, 10 = 5*u - b - 2. Let c = 6 - u. Suppose c*y + 17 = 405. Is y a prime number?
True
Let x = 31 - 21. Suppose -x*a + 1142 = 32. Is a prime?
False
Suppose -9*t + 26797 = -90590. Is t prime?
True
Suppose -13*y = 28583 - 225520. Is y a prime number?
True
Let f be (-488)/36 - (-8)/(-18). Let w(l) = -48*l + 29. Is w(f) a composite number?
False
Let i = -47 + 67. Suppose 0 = 4*h - i, -a + 6*a = -h + 300. Is a composite?
False
Is 6038 - (6/(-6)*-3 - 2) a prime number?
True
Suppose -l = -t - 2821, 5*t = l + 3*t - 2823. Is l a prime number?
True
Is 7573 + 13/((-78)/60) a prime number?
False
Let t = -49 + 112. Suppose 0 = -6*j + 51 + t. Is j prime?
True
Let l = -54 - -101. Suppose -25 - 55 = -16*j. Suppose j*u = -l + 822. Is u a composite number?
True
Let g be ((-20)/30)/(1/21). Let r = 14 + -8. Is r/9*(-5229)/g prime?
False
Suppose 0 = 5*w + 78 - 118. Suppose 5*t - 2*j = 4527, -w*t + 4*t + 3*j + 3616 = 0. Is t composite?
False
Let p(d) = d**2 - 8*d - 6. Let a be p(9). Suppose -222 = -a*i + 5*u, 2*u - 51 - 23 = -i. Is i a composite number?
True
Let t be (-10)/(-3) + 3/(-9). Suppose 3*v - 2*j = 1499 + 10, -t*v = -4*j - 1509. Suppose 5*i - 6*l - 531 = -2*l, 5*i - v = -3*l. Is i prime?
True
Suppose b - 99 = 3*a, -2*a - 154 = -2*b + 64. Let p = 655 + b. Is p composite?
False
Let a(k) = k**3 + 13*k**2 - 1. Let o be (-648)/(-45)*(-20)/(-6). Let j be o/12*(-3)/2. Is a(j) a prime number?
True
Suppose -4*d - 5*j = -7*d + 6249, -4*d + 8309 = j. Is d a prime number?
False
Let h(v) = -v**3 - 5*v**2 - v - 2. Let r be h(-5). Suppose 0*t + 1725 = 5*t. Suppose -2*w + 2*n - t = -5*w, 345 = r*w + 3*n. Is w a prime number?
False
Suppose 6*u - 2*u = 76. Let j = u - -1. Suppose 425 = 25*w - j*w. Is w prime?
False
Suppose 2*f + 4 = 0, f + 5 + 21 = 4*v. Is 1338/4*v/9 composite?
False
Let q(x) = x**3 - 9*x**2 + 12*x + 14. Let j be q(7). Suppose j = 3*b - 1303 - 1136. Is b prime?
False
Suppose 2*s - 5 = -1. Suppose -10 = -s*b + 2. Suppose 0 = -5*t + 29 + b. Is t a prime number?
True
Suppose 4*z = x - 2087, 2*z + 9648 - 3367 = 3*x. Is x composite?
True
Suppose -5*q - 2*o = -5275, -11*q + 14*q - 4*o = 3165. Is q prime?
False
Suppose 3*t = -2*z + 27, 3*z = 5*t - 2*z - 20. Let q(c) = c**3 - 4*c**2 - 3*c - 2. Let b be q(t). Let s = -66 + b. Is s a composite number?
True
Let z be 8/(-36)*3*-6. Let v be (2 + -1)*z + 2. Let x(a) = 178*a - 7. Is x(v) a composite number?
False
Let r be -1*(12 - 6/2). Let g be 7 + r + -2 + 0. Is (-811)/g + 3/12 a prime number?
False
Let z = -1385 + 5726. Is z a composite number?
True
Let i(v) = 60*v + 7. Let t(k) = k**2 - k + 2. Let j be 